 and b?
10
Let q(n) = n**2 + 2*n + 2. Let p be q(-3). Suppose -p*l + 15 = -2*l. Calculate the greatest common divisor of l and 5.
5
Let y be (-7 - -2)*-1*-1. Let w(o) = 23*o + 5. Let n(l) = 24*l + 5. Let x(u) = y*w(u) + 6*n(u). Let g be x(4). What is the highest common factor of g and 11?
11
Suppose -26 = -5*r - 4*c + 34, 23 = r + 3*c. Let f = -19 - -59. What is the highest common factor of r and f?
8
Let w = 9 + 6. Suppose 2*x = -2*o + 8, 5*x + 2*o - 4*o = 34. What is the greatest common divisor of x and w?
3
Let w = 18 + -11. What is the highest common divisor of w and 35?
7
Let c(n) = -8*n + 3. Let h be c(-9). Calculate the greatest common divisor of 25 and h.
25
Let w = 64 + -29. What is the greatest common divisor of w and 175?
35
Let h = 11 + -10. Let u(n) = 12*n**2 - 1. Let t be u(h). What is the highest common factor of 22 and t?
11
Suppose 0 = 4*c - 2*c - 36. Let w = 108 - c. What is the highest common factor of 10 and w?
10
Let t(c) be the first derivative of -c**4/4 + 4*c**3 + c**2 + 5*c - 6. Let y be t(7). Let v be 262/11 - (-6)/33. Calculate the highest common factor of v and y.
24
Let y be 2 + (-4)/2 + 241. Let d = y - 164. Suppose 0 = -2*q - 2*k + 18, 0*q + 4*k + 41 = 3*q. What is the highest common divisor of q and d?
11
Let z be (10/(-25))/((-1)/(-20)). Let l = z - -26. Calculate the greatest common divisor of l and 6.
6
Let u = -5 + 8. Let j = 6 + u. Let n = 66 - 57. Calculate the greatest common divisor of n and j.
9
Suppose 6 = 4*u - 62. Suppose 0*k = k - u. Calculate the highest common divisor of k and 34.
17
Let w(u) = 5*u**2 - u - 4 - 4*u**2 + 2*u + 2*u. Let o be w(8). Let k = -15 + 27. What is the highest common factor of o and k?
12
Suppose -4 = 2*l - 4*r, 0 = l - 2*l - 3*r - 2. Suppose -k + 1 + 3 = 0. Let s = k - l. What is the highest common divisor of s and 6?
6
Suppose 4*v - 477 = 99. Calculate the greatest common divisor of 48 and v.
48
Let j be (3 - 2)*(0 - 0). Let p be (0 - -12)*(-4)/(-8). Suppose -p*o + o + 50 = j. What is the highest common factor of o and 4?
2
Suppose -3*l - 924 = -7*l. Calculate the highest common divisor of 21 and l.
21
Let s(k) = k**2 + 2*k - 12. Let i be s(-6). What is the greatest common divisor of i and 36?
12
Suppose 0 = -r - 265 + 55. Let a be (6/(-5))/(12/r). What is the highest common factor of a and 84?
21
Let l(k) = k**2 - 7*k + 7. Let p be l(7). Let m be (-14)/(-4)*36/21. Suppose 2*r = m + 8. What is the highest common divisor of p and r?
7
Suppose 4*s = -2*r + 22, -3*r + 2*s = -2*s - 3. Suppose -3*a - k = k - 97, -5*k + 85 = 3*a. Calculate the highest common factor of r and a.
5
Suppose 15 = 4*o - 3*o. Suppose -5*d = 5*h - 310, 3*h - 244 = -4*d + h. What is the greatest common factor of o and d?
15
Let p be (12/(-4))/(1/2). Let y be (-250)/p + 5/15. Calculate the greatest common factor of y and 14.
14
Suppose b + 33 = 35. What is the highest common divisor of 16 and b?
2
Let p be ((-5)/2*14)/(-1). Calculate the greatest common divisor of p and 245.
35
Suppose -4*x + 9*x - 65 = 0. Let n = 11 + -21. Let i be (-2 + (n - 1))/(-1). What is the greatest common divisor of i and x?
13
Let c(w) = 2*w**2 - 4*w + 3. Let n be c(2). Suppose -a + 14*a = 13. What is the highest common factor of n and a?
1
Suppose -4*j = -5*f + 32, -5*f = 2*j - 4*j - 26. Calculate the greatest common divisor of 1 and f.
1
Let o be ((-1)/3)/((-8)/72). Let l be (12/9)/(o/27). Calculate the greatest common factor of 24 and l.
12
Suppose 2*f - 4*y = f + 182, 4*y = 2*f - 344. Suppose -3*r + 5 = 2*r. Let w = r - -17. Calculate the highest common factor of w and f.
18
Let y(z) = -z**2 - 5*z - 4. Let u be y(-4). Suppose j + 1 = u, -2*x = 2*x - 3*j - 31. What is the highest common factor of x and 28?
7
Let y(j) = 12*j**2 - 3*j - 4. Let m be y(-4). Suppose 9*c - m = 4*c. What is the highest common divisor of 16 and c?
8
Let f be (-1 - 3/9)*18. Let v = -18 - f. Calculate the greatest common divisor of v and 12.
6
Let d(r) = -r - 8. Let m be d(-6). Let j be 4/(-14) - 12/7. Let x be 4 + m - (-1 + j). Calculate the highest common divisor of x and 15.
5
Let k(i) = 9*i + 5. Let o be k(5). Calculate the greatest common divisor of o and 20.
10
Suppose -4*p = -0*p - 336. Let j = -20 - -23. Suppose -m - j*m = -p. What is the greatest common factor of m and 7?
7
Let l(h) be the third derivative of h**6/120 - h**5/20 - h**4/12 - h**3/2 + 4*h**2. Let o be l(4). What is the greatest common divisor of 1 and o?
1
Let q(n) = n**2 + 2. Let t be q(-2). Suppose 2*g - t = 4. Calculate the greatest common factor of 1 and g.
1
Let d = 53 + -40. Calculate the greatest common divisor of 52 and d.
13
Let g = 373 + -313. Let n = -22 + 46. Calculate the greatest common factor of g and n.
12
Suppose 5*y = 3*y + 68. Let p(d) = -d**2 - 10*d - 7. Let a be p(-6). Calculate the highest common factor of a and y.
17
Let x = 76 + -12. What is the highest common factor of 8 and x?
8
Suppose 0 = -2*q + q + 12. Suppose 0*w + 2*w - 49 = -5*k, -2*k + q = -3*w. Let y be 15*(-2)/k*-6. Calculate the greatest common divisor of y and 50.
10
Let w = -1 - 1. Let p be w/6 + (-50)/(-6). Suppose 0 = -j + p + 14. Calculate the highest common divisor of 11 and j.
11
Let i = 53 - 49. What is the highest common divisor of 16 and i?
4
Let h = 5 - 3. Let d(j) = -1 + 8*j - 6*j + 16*j + 5*j. Let c be d(h). What is the highest common divisor of c and 30?
15
Suppose 2 = -7*z + 51. Calculate the highest common factor of z and 175.
7
Let f(s) = -s**2 + 8*s + 1. Let i be f(7). Let y(h) = -2*h**3 + 6*h**2 + h**3 - i*h + 3 + 4*h. Let p be y(5). What is the highest common factor of 32 and p?
8
Let d(h) = 2*h - 1. Suppose 4*y - 13 = 3*z, 4*y = -z - 0*z + 1. Let f be z*(2 - 2 - 1). Let c be d(f). Calculate the highest common divisor of 35 and c.
5
Let k(v) = -v**3 - v + 224. Let s be k(0). Calculate the highest common divisor of 32 and s.
32
Let d(t) be the first derivative of t**4/4 + t**3 + t**2/2 + t + 2. Let l be d(3). Let i = 88 - l. Calculate the greatest common factor of 15 and i.
15
Suppose 4*i + 3 = z + 2, 1 = z + 2*i. Let d be 0 + 3 - (-22)/z. What is the highest common divisor of d and 10?
5
Suppose -4*x + 2*u + 398 - 44 = 0, -255 = -3*x + 5*u. Calculate the highest common factor of 36 and x.
18
Let g(j) = -j**3 - 4*j**2 - 2*j + 1. Let c be g(-4). Suppose h + 1 = 5*r, -r - 27 = -5*h - 8. Let i be r*1/3*3. Calculate the greatest common factor of i and c.
1
Let x be (-70)/(-20) - (-6)/4. Suppose 4*z + 1 - x = 0. Let w(n) = -2*n - 9. Let i be w(-6). What is the greatest common divisor of z and i?
1
Let n = -7 + 12. Suppose p = -2*h - p + 22, -4*p = -4. Suppose -n*l = h - 60. What is the greatest common factor of 10 and l?
10
Let b(g) = g**2 + 10*g + 6. Let j be b(-10). Let z be 4*195/j + -2. What is the highest common divisor of z and 16?
16
Let h be 27 + ((-18)/(-30) - 6/10). Suppose 0*r - 15 = -5*r. Calculate the highest common divisor of h and r.
3
Let a(r) = r**3 + 10*r**2 + 10*r + 10. Let i be a(-9). Let s be (-4 - -4) + 51/i. What is the greatest common factor of s and 17?
17
Let j(v) = -10*v + v**3 + 12 + 0*v**3 - 2*v + 9*v**2. Let c be j(-10). Let k be 1 + -2 + (9 - 0). Calculate the greatest common factor of c and k.
8
Let i(o) = -o**3 + 2. Let d be i(3). Let b = -14 - d. Let r(v) = 11*v. Let n be r(2). What is the greatest common divisor of n and b?
11
Let b be 531/(-6)*(-6)/9. Suppose 3*l + 8 = b. Let m(g) = 35*g**2 - 3*g + 2. Let p be m(2). What is the highest common divisor of p and l?
17
Suppose 3*w - 103 = -z, 4*w = 3*z - 0*w - 257. What is the highest common factor of z and 13?
13
Let o(h) = h**3 + 3*h**2 + h + 5. Let i be o(-4). Let c = 0 - i. Calculate the greatest common divisor of c and 5.
5
Suppose 0 = 3*o + o - 24. Let y(t) = t + 4. Let i be y(0). Suppose 0*n + i = 2*n. What is the highest common divisor of n and o?
2
Suppose 2*q - 32 = 2*z, q - 9 = -z - 1. Calculate the highest common divisor of q and 228.
12
Let q(w) = -2*w + 10. Suppose a + 7 = -4. Let c be q(a). Calculate the greatest common factor of 160 and c.
32
Let c be (-1)/1*(-13 + 2). What is the highest common divisor of c and 55?
11
Suppose 0 = p + p - 36. Calculate the highest common factor of 27 and p.
9
Suppose 3*x - 71 = -5*r, 2*x = r - 2*r + 17. Calculate the highest common factor of r a